 of 2383?
2383
List the prime factors of 29520.
2, 3, 5, 41
List the prime factors of 4088.
2, 7, 73
What are the prime factors of 1085?
5, 7, 31
What are the prime factors of 3741?
3, 29, 43
What are the prime factors of 4080?
2, 3, 5, 17
What are the prime factors of 2400?
2, 3, 5
What are the prime factors of 31866?
2, 3, 47, 113
List the prime factors of 688.
2, 43
What are the prime factors of 1602?
2, 3, 89
What are the prime factors of 45221?
11, 4111
What are the prime factors of 123837?
3, 7, 5897
What are the prime factors of 31051?
31051
List the prime factors of 114.
2, 3, 19
List the prime factors of 35358.
2, 3, 71, 83
List the prime factors of 42287.
7, 863
List the prime factors of 3906.
2, 3, 7, 31
What are the prime factors of 2052?
2, 3, 19
List the prime factors of 1862.
2, 7, 19
List the prime factors of 553.
7, 79
List the prime factors of 36960.
2, 3, 5, 7, 11
List the prime factors of 1729.
7, 13, 19
What are the prime factors of 3799?
29, 131
List the prime factors of 3292.
2, 823
List the prime factors of 38054.
2, 53, 359
What are the prime factors of 4104?
2, 3, 19
What are the prime factors of 4602?
2, 3, 13, 59
What are the prime factors of 33046?
2, 13, 31, 41
What are the prime factors of 402?
2, 3, 67
What are the prime factors of 11410?
2, 5, 7, 163
List the prime factors of 375.
3, 5
List the prime factors of 25710.
2, 3, 5, 857
What are the prime factors of 7218?
2, 3, 401
What are the prime factors of 16587?
3, 19, 97
What are the prime factors of 94796?
2, 13, 1823
What are the prime factors of 109552?
2, 41, 167
What are the prime factors of 12320?
2, 5, 7, 11
List the prime factors of 8369.
8369
List the prime factors of 1360.
2, 5, 17
What are the prime factors of 5155?
5, 1031
List the prime factors of 10979.
10979
What are the prime factors of 4434?
2, 3, 739
What are the prime factors of 5795?
5, 19, 61
What are the prime factors of 634?
2, 317
What are the prime factors of 97561?
97561
List the prime factors of 9778.
2, 4889
List the prime factors of 20292.
2, 3, 19, 89
List the prime factors of 20765.
5, 4153
List the prime factors of 254.
2, 127
List the prime factors of 139821.
3, 11, 19, 223
List the prime factors of 13.
13
List the prime factors of 48433.
7, 11, 17, 37
What are the prime factors of 4865?
5, 7, 139
What are the prime factors of 27219?
3, 43, 211
What are the prime factors of 4969?
4969
List the prime factors of 62810.
2, 5, 11, 571
What are the prime factors of 2930?
2, 5, 293
What are the prime factors of 1186?
2, 593
List the prime factors of 3590.
2, 5, 359
What are the prime factors of 3885?
3, 5, 7, 37
What are the prime factors of 11072?
2, 173
What are the prime factors of 5878?
2, 2939
What are the prime factors of 98962?
2, 49481
List the prime factors of 39994.
2, 19997
List the prime factors of 4945.
5, 23, 43
List the prime factors of 1147.
31, 37
What are the prime factors of 72669?
3, 24223
List the prime factors of 55081.
13, 19, 223
What are the prime factors of 2188?
2, 547
List the prime factors of 50947.
13, 3919
List the prime factors of 20269.
20269
What are the prime factors of 2514?
2, 3, 419
What are the prime factors of 35811?
3, 23, 173
What are the prime factors of 837?
3, 31
What are the prime factors of 803?
11, 73
List the prime factors of 11424.
2, 3, 7, 17
List the prime factors of 501.
3, 167
List the prime factors of 867.
3, 17
What are the prime factors of 517?
11, 47
List the prime factors of 375.
3, 5
List the prime factors of 4780.
2, 5, 239
List the prime factors of 4834.
2, 2417
What are the prime factors of 65732?
2, 16433
What are the prime factors of 28665?
3, 5, 7, 13
What are the prime factors of 7684?
2, 17, 113
What are the prime factors of 11045?
5, 47
List the prime factors of 18652.
2, 4663
List the prime factors of 10963.
19, 577
What are the prime factors of 248?
2, 31
List the prime factors of 106892.
2, 26723
List the prime factors of 12677.
7, 1811
List the prime factors of 1402.
2, 701
List the prime factors of 4052.
2, 1013
List the prime factors of 384.
2, 3
What are the prime factors of 438?
2, 3, 73
List the prime factors of 3696.
2, 3, 7, 11
What are the prime factors of 38198?
2, 71, 269
What are the prime factors of 1608?
2, 3, 67
What are the prime factors of 2577?
3, 859
List the prime factors of 9101.
19, 479
What are the prime factors of 5911?
23, 257
List the prime factors of 308.
2, 7, 11
List the prime factors of 156.
2, 3, 13
List the prime factors of 1480.
2, 5, 37
List the prime factors of 1275.
3, 5, 17
List the prime factors of 1704.
2, 3, 71
What are the prime factors of 1492?
2, 373
What are the prime factors of 1678?
2, 839
List the prime factors of 5393.
5393
What are the prime factors of 684?
2, 3, 19
List the prime factors of 499.
499
What are the prime factors of 8094?
2, 3, 19, 71
List the prime factors of 20101.
20101
List the prime factors of 1942.
2, 971
List the prime factors of 5130.
2, 3, 5, 19
What are the prime factors of 90065?
5, 18013
What are the prime factors of 618?
2, 3, 103
What are the prime factors of 83595?
3, 5, 5573
What are the prime factors of 430?
2, 5, 43
List the prime factors of 23394.
2, 3, 7, 557
What are the prime factors of 1256?
2, 157
What are the prime factors of 1655?
5, 331
What are the prime factors of 36517?
13, 53
List the prime factors of 16309.
47, 347
What are the prime factors of 15554?
2, 7, 11, 101
List the prime factors of 124.
2, 31
What are the prime factors of 152?
2, 19
What are the prime factors of 13827?
3, 11, 419
List the prime factors of 2096.
2, 131
What are the prime factors of 508?
2, 127
List the prime factors of 652.
2, 163
List the prime factors of 45763.
45763
What are the prime factors of 6239?
17, 367
What are the prime factors of 18014?
2, 9007
List the prime factors of 9818.
2, 4909
What are the prime factors of 549?
3, 61
What are the prime factors of 85138?
2, 42569
List the prime factors of 4524.
2, 3, 13, 29
List the prime factors of 21950.
2, 5, 439
What are the prime factors of 17892?
2, 3, 7, 71
What are the prime factors of 14335?
5, 47, 61
List the prime factors of 13903.
13903
What are the prime factors of 43746?
2, 3, 23, 317
What are the prime factors of 1444?
2, 19
What are the prime factors of 43123?
29, 1487
What are the prime factors of 96428?
2, 24107
List the prime factors of 7147.
7, 1021
What are the prime factors of 6069?
3, 7, 17
List the prime factors of 41151.
3, 11, 29, 43
List the prime factors of 5092.
2, 19, 67
What are the prime factors of 937?
937
What are the prime factors of 10836?
2, 3, 7, 43
List the prime factors of 8985.
3, 5, 599
List the prime factors of 4072.
2, 509
What are the prime factors of 7788?
2, 3, 11, 59
What are the prime factors of 1542?
2, 3, 257
What are the prime factors of 32220?
2, 3, 5, 179
What are the prime factors of 10264?
2, 1283
List the prime factors of 63469.
7, 9067
List the prime factors of 1003.
17, 59
List the prime factors of 61402.
2, 11, 2791
What are the prime factors of 1239?
3, 7, 59
List the prime factors of 10862.
2, 5431
What are the prime factors of 907?
907
List the prime factors of 33905.
5, 6781
What are the prime factors of 2946?
2, 3, 491
List the prime factors of 4286.
2, 2143
What are the prime factors of 26842?
2, 13421
What are the prime factors of 229?
229
What are the prime factors of 5718?
2, 3, 953
What are the prime factors of 10443?
3, 59
What are the prime factors of 9425?
5, 13, 29
What are the prime factors of 4910?
2, 5, 491
What are the prime factors of 6217?
6217
List the prime factors of 89.
89
What are the prime factors of 20594?
2, 7, 1471
What are the prime factors of 74283?
3, 11, 2251
What are the prime factors of 53009?
11, 61, 79
List the prime factors of 1759.
1759
List the prime factors of 43076.
2, 11, 89
List the prime factors of 403.
13, 31
What are the prime factors of 710?
2, 5, 71
List the prime factors of 2291.
29, 79
List the prime factors of 7173.
3, 797
List the prime factors of 550.
2, 5, 11
List the prime factors of 3425.
5, 137
What are the prime factors of 26081?
11, 2371
List the prime factors of 332.
2, 83
What are the prime factors of 160813?
160813
What are the prime factors of 15699?
3, 5233
What are 